7
List the prime factors of 18789558.
2, 3, 3131593
What are the prime factors of 1183925?
5, 23, 29, 71
List the prime factors of 7544891.
107, 659
What are the prime factors of 11277507?
3, 19, 67, 2953
What are the prime factors of 171592?
2, 89, 241
What are the prime factors of 5332846?
2, 2666423
List the prime factors of 797565.
3, 5, 53171
What are the prime factors of 116129?
13, 8933
What are the prime factors of 2173001?
2173001
List the prime factors of 295672.
2, 13, 2843
List the prime factors of 1101661.
11, 100151
What are the prime factors of 1539522?
2, 3, 31, 89
What are the prime factors of 2558201?
71, 137, 263
List the prime factors of 356841.
3, 31, 1279
List the prime factors of 3344793.
3, 1114931
List the prime factors of 1676953.
23, 72911
List the prime factors of 1474020.
2, 3, 5, 19, 431
List the prime factors of 1879037.
83, 22639
List the prime factors of 3529956.
2, 3, 43, 6841
What are the prime factors of 3495324?
2, 3, 7, 41611
What are the prime factors of 13125072?
2, 3, 271, 1009
What are the prime factors of 11089605?
3, 5, 739307
List the prime factors of 14721477.
3, 4907159
List the prime factors of 1621127.
1621127
List the prime factors of 106859.
106859
What are the prime factors of 169398?
2, 3, 3137
List the prime factors of 6834361.
631, 10831
List the prime factors of 140653.
43, 3271
What are the prime factors of 2122406?
2, 11, 13, 41, 181
List the prime factors of 3629256.
2, 3, 37, 61, 67
What are the prime factors of 7470676?
2, 23, 81203
List the prime factors of 4611366.
2, 3, 256187
List the prime factors of 1175253.
3, 391751
List the prime factors of 31036.
2, 7759
List the prime factors of 5535156.
2, 3, 11, 19, 2207
What are the prime factors of 2389413?
3, 13, 197, 311
What are the prime factors of 57552?
2, 3, 11, 109
What are the prime factors of 3052544?
2, 11, 271
List the prime factors of 8017251.
3, 11, 17, 31, 461
What are the prime factors of 6282540?
2, 3, 5, 11, 19, 167
What are the prime factors of 169539?
3, 31, 1823
What are the prime factors of 11354379?
3, 3784793
What are the prime factors of 1646877?
3, 137, 4007
List the prime factors of 128492.
2, 7, 13, 353
List the prime factors of 1348618.
2, 47, 14347
List the prime factors of 2502758.
2, 29, 43151
What are the prime factors of 119414?
2, 59707
List the prime factors of 1246367.
1246367
List the prime factors of 549579.
3, 29, 6317
List the prime factors of 1946274.
2, 3, 11, 37, 797
List the prime factors of 2167853.
97, 22349
What are the prime factors of 7522040?
2, 5, 173, 1087
List the prime factors of 7739947.
17, 455291
List the prime factors of 8995004.
2, 97, 239
What are the prime factors of 6488342?
2, 7, 463453
What are the prime factors of 2611467?
3, 311
List the prime factors of 413066.
2, 17, 12149
What are the prime factors of 3051558?
2, 3, 169531
What are the prime factors of 15030245?
5, 919, 3271
What are the prime factors of 433?
433
What are the prime factors of 31665256?
2, 7, 565451
List the prime factors of 476525.
5, 7, 389
List the prime factors of 357106.
2, 29, 47, 131
List the prime factors of 8782012.
2, 29, 75707
What are the prime factors of 613536?
2, 3, 7, 11, 83
List the prime factors of 9711353.
37, 262469
List the prime factors of 587773.
587773
List the prime factors of 366905.
5, 7, 11, 953
What are the prime factors of 1284485?
5, 31, 8287
What are the prime factors of 16370?
2, 5, 1637
List the prime factors of 4636410.
2, 3, 5, 17, 9091
List the prime factors of 28159389.
3, 3128821
What are the prime factors of 149128?
2, 7, 2663
What are the prime factors of 37496500?
2, 5, 19, 3947
What are the prime factors of 704843?
19, 37097
What are the prime factors of 27354546?
2, 3, 787, 1931
What are the prime factors of 237116?
2, 11, 17, 317
List the prime factors of 1865544.
2, 3, 77731
What are the prime factors of 24570967?
17, 1445351
List the prime factors of 2830108.
2, 707527
List the prime factors of 1804906.
2, 367, 2459
List the prime factors of 654603.
3, 23, 53, 179
What are the prime factors of 100173?
3, 33391
List the prime factors of 267489.
3, 9907
List the prime factors of 100919.
7, 13, 1109
What are the prime factors of 123970?
2, 5, 7, 11, 23
List the prime factors of 593909.
173, 3433
List the prime factors of 5811220.
2, 5, 37, 7853
What are the prime factors of 18601?
11, 19, 89
What are the prime factors of 45420?
2, 3, 5, 757
List the prime factors of 187511.
19, 71, 139
What are the prime factors of 249672?
2, 3, 101, 103
List the prime factors of 1616179.
41, 39419
What are the prime factors of 2046927?
3, 19, 35911
What are the prime factors of 1105495?
5, 23, 9613
List the prime factors of 1371012.
2, 3, 43, 2657
What are the prime factors of 785944?
2, 17, 5779
List the prime factors of 3771885.
3, 5, 13, 23, 29
What are the prime factors of 25475177?
7, 13, 131, 2137
List the prime factors of 20175854.
2, 31, 41, 7937
List the prime factors of 3045389.
43, 70823
What are the prime factors of 14700365?
5, 2940073
What are the prime factors of 1832998?
2, 149, 6151
List the prime factors of 757659.
3, 7, 109, 331
List the prime factors of 174447.
3, 7, 13, 71
What are the prime factors of 1655415?
3, 5, 36787
What are the prime factors of 12115491?
3, 269, 15013
List the prime factors of 968292.
2, 3, 13, 2069
What are the prime factors of 718423?
718423
List the prime factors of 3135980.
2, 5, 156799
What are the prime factors of 850364?
2, 19, 67, 167
What are the prime factors of 1472694?
2, 3, 103, 2383
What are the prime factors of 25235685?
3, 5, 53, 3527
List the prime factors of 2597871.
3, 865957
List the prime factors of 6828445.
5, 13, 8081
What are the prime factors of 5771589?
3, 43, 44741
List the prime factors of 872660.
2, 5, 43633
List the prime factors of 1021003.
17, 19, 29, 109
What are the prime factors of 4628942?
2, 251, 9221
List the prime factors of 34772643.
3, 1511, 2557
What are the prime factors of 460969?
460969
List the prime factors of 150912.
2, 3, 131
What are the prime factors of 29225027?
13, 1163, 1933
List the prime factors of 43553898.
2, 3, 17, 317, 449
List the prime factors of 17186646.
2, 3, 2864441
List the prime factors of 5449287.
3, 1816429
List the prime factors of 5571456.
2, 3, 11, 1319
What are the prime factors of 315966?
2, 3, 7, 7523
List the prime factors of 2847264.
2, 3, 7, 19, 223
List the prime factors of 200964.
2, 3, 16747
What are the prime factors of 4690295?
5, 938059
List the prime factors of 436638.
2, 3, 61, 1193
What are the prime factors of 248148?
2, 3, 61, 113
List the prime factors of 6400040.
2, 5, 160001
List the prime factors of 268662.
2, 3, 44777
What are the prime factors of 705227?
59, 11953
What are the prime factors of 10310830?
2, 5, 61, 16903
What are the prime factors of 239694?
2, 3, 7, 13, 439
List the prime factors of 663682.
2, 331841
What are the prime factors of 32062937?
19, 88817
List the prime factors of 118743.
3, 39581
List the prime factors of 191935.
5, 23, 1669
List the prime factors of 5886883.
1237, 4759
What are the prime factors of 6136522?
2, 7, 83, 5281
List the prime factors of 792184.
2, 99023
What are the prime factors of 685905?
3, 5, 11, 4157
What are the prime factors of 5721907?
19, 301153
List the prime factors of 1089486.
2, 3, 60527
What are the prime factors of 2986459?
7, 426637
List the prime factors of 1227936.
2, 3, 12791
What are the prime factors of 11414?
2, 13, 439
List the prime factors of 2641620.
2, 3, 5, 44027
List the prime factors of 13599884.
2, 3399971
What are the prime factors of 594969?
3, 198323
What are the prime factors of 7205847?
3, 11, 59, 3701
List the prime factors of 4937540.
2, 5, 29, 8513
What are the prime factors of 2581832?
2, 11, 29339
What are the prime factors of 32097505?
5, 11, 223, 2617
What are the prime factors of 3602445?
3, 5, 7, 11, 3119
List the prime factors of 681180.
2, 3, 5, 11353
List the prime factors of 124057.
131, 947
List the prime factors of 1283729.
167, 7687
List the prime factors of 4941064.
2, 19, 32507
What are the prime factors of 110012?
2, 7, 3929
What are the prime factors of 107901?
3, 19, 631
List the prime factors of 4411547.
7, 37, 17033
What are the pri